base 2) in base 4?
-3
What is 23 (base 4) in base 14?
b
What is -72 (base 13) in base 16?
-5d
37 (base 12) to base 2
101011
10101 (base 2) to base 6
33
What is -110 (base 3) in base 6?
-20
Convert -10010101 (base 2) to base 8.
-225
Convert 52 (base 7) to base 13.
2b
-3 (base 8) to base 16
-3
-2 (base 13) to base 15
-2
What is 7 (base 8) in base 13?
7
Convert -3 (base 15) to base 10.
-3
What is -1 (base 11) in base 5?
-1
What is -9 (base 11) in base 7?
-12
2 (base 9) to base 13
2
What is 21 (base 8) in base 13?
14
11 (base 2) to base 4
3
3 (base 8) to base 16
3
-1101111 (base 2) to base 7
-216
What is 20 (base 6) in base 4?
30
What is 10 (base 6) in base 15?
6
What is 15 (base 16) in base 10?
21
What is -8 (base 9) in base 7?
-11
What is 6 (base 13) in base 16?
6
What is 70 (base 8) in base 7?
110
What is 223 (base 4) in base 10?
43
What is -2 (base 10) in base 9?
-2
What is 21 (base 3) in base 7?
10
3 (base 15) to base 9
3
Convert -25 (base 11) to base 16.
-1b
What is -104 (base 10) in base 11?
-95
What is 138 (base 12) in base 11?
161
Convert -10 (base 8) to base 15.
-8
Convert 12212 (base 3) to base 16.
9e
Convert -3 (base 16) to base 10.
-3
Convert 103 (base 4) to base 5.
34
What is -10 (base 3) in base 10?
-3
What is 32 (base 14) in base 2?
101100
What is 22 (base 4) in base 11?
a
5 (base 11) to base 8
5
-22 (base 10) to base 11
-20
What is -c (base 13) in base 11?
-11
Convert -1001001 (base 2) to base 9.
-81
-1 (base 9) to base 11
-1
Convert 1 (base 2) to base 7.
1
Convert -1 (base 16) to base 8.
-1
Convert -11 (base 5) to base 6.
-10
Convert -11100 (base 2) to base 7.
-40
What is 3331 (base 4) in base 16?
fd
12 (base 3) to base 2
101
Convert 2033 (base 4) to base 12.
bb
Convert 1 (base 5) to base 2.
1
What is -5 (base 16) in base 12?
-5
Convert 43 (base 12) to base 6.
123
What is -23 (base 9) in base 7?
-30
-3 (base 9) to base 5
-3
Convert 136 (base 10) to base 5.
1021
-11 (base 3) to base 8
-4
5 (base 10) to base 2
101
Convert -3 (base 9) to base 13.
-3
-3 (base 10) to base 5
-3
Convert -1121 (base 5) to base 4.
-2201
What is 1 (base 4) in base 11?
1
What is 120 (base 3) in base 8?
17
Convert -13 (base 11) to base 5.
-24
Convert 8 (base 11) to base 2.
1000
12022 (base 3) to base 8
217
-1 (base 13) to base 16
-1
0 (base 8) to base 10
0
What is -3 (base 10) in base 9?
-3
34 (base 14) to base 3
1201
Convert -2 (base 9) to base 12.
-2
-2 (base 5) to base 12
-2
What is 6 (base 8) in base 14?
6
What is 0 (base 12) in base 9?
0
What is 1130 (base 5) in base 9?
203
41 (base 6) to base 4
121
Convert 23 (base 11) to base 10.
25
5 (base 11) to base 15
5
-22 (base 5) to base 16
-c
What is a1 (base 12) in base 5?
441
Convert 110111 (base 2) to base 6.
131
What is -15 (base 16) in base 12?
-19
-40 (base 16) to base 14
-48
What is 5 (base 7) in base 14?
5
1001 (base 2) to base 13
9
Convert 2 (base 15) to base 14.
2
6 (base 8) to base 14
6
-4 (base 11) to base 2
-100
520 (base 8) to base 3
110110
Convert 1 (base 16) to base 14.
1
-213 (base 14) to base 6
-1521
What is -3c (base 15) in base 14?
-41
What is -1 (base 12) in base 7?
-1
Convert -1 (base 12) to base 16.
-1
Convert 19 (base 13) to base 7.
31
11 (base 5) to base 7
6
-5 (base 16) to base 14
-5
What is -32 (base 4) in base 6?
-22
-1010 (base 2) to base 13
-a
Convert 5 (base 6) to base 13.
5
What is -132 (base 4) in base 11?
-28
What is -13 (base 5) in base 16?
-8
What is -16 (base 15) in base 8?
-25
-1 (base 14) to base 15
-1
Convert 2010 (base 4) to base 7.
246
-1 (base 15) to base 6
-1
-3 (base 6) to base 8
-3
-54 (base 13) to base 2
-1000101
What is -5 (base 10) in base 4?
-11
-70 (base 9) to base 11
-58
45 (base 8) to base 11
34
Convert -20 (base 5) to base 3.
-101
What is 0 (base 14) in base 6?
0
Convert -2000 (base 3) to base 7.
-105
-11 (base 2) to base 10
-3
3 (base 12) to base 14
3
What is -1 (base 3) in base 11?
-1
What is 6 (base 11) in base 16?
6
Convert 3 (base 9) to base 12.
3
Convert 22 (base 8) to base 6.
30
11202 (base 3) to base 6
332
Convert 7 (base 9) to base 7.
10
Convert -103 (base 5) to base 12.
-24
b (base 16) to base 12
b
What is -62 (base 8) in base 2?
-110010
Convert -174 (base 9) to base 10.
-148
What is 9 (base 13) in base 15?
9
-100 (base 2) to base 13
-4
What is -100110 (base 2) in base 16?
-26
What is 78 (base 11) in base 5?
320
-110 (base 2) to base 11
-6
What is 8 (base 15) in base 7?
11
What is -8 (base 15) in base 12?
-8
What is -60 (base 7) in base 4?
-222
Convert 4 (base 10) to base 14.
4
Convert 1143 (base 5) to base 2.
10101101
-101 (base 2) to base 14
-5
Convert -25 (base 7) to base 12.
-17
What is 33 (base 6) in base 4?
111
What is -12 (base 16) in base 13?
-15
0 (base 15) to base 13
0
What is 102 (base 5) in base 13?
21
Convert 41 (base 9) to base 12.
31
8 (base 14) to base 4
20
-a (base 11) to base 5
-20
Convert 1001 (base 2) to base 11.
9
-6 (base 15) to base 8
-6
-5c (base 14) to base 4
-1102
9 (base 14) to base 3
100
What is -2b (base 16) in base 2?
-101011
-2c (base 16) to base 15
-2e
What is -1 (base 10) in base 9?
-1
-13 (base 8) to base 15
-b
Convert 13 (base 13) to base 5.
31
What is -e6 (base 15) in base 11?
-187
What is 17 (base 15) in base 4?
112
-12 (base 8) to base 6
-14
What is -4 (base 12) in base 7?
-4
-37 (base 10) to base 15
-27
23 (base 15) to base 16
21
Convert -201 (base 8) to base 4.
-2001
Convert -122 (base 3) to base 12.
-15
4b (base 15) to base 3
2122
Convert -14 (base 6) to base 4.
-22
-1 (base 14) to base 12
-1
Convert 15 (base 14) to base 8.
23
Convert -32 (base 5) to base 6.
-25
2 (base 11) to base 6
2
-2 (base 4) to base 2
-10
Convert -110 (base 2) to base 9.
-6
1a (base 11) to base 8
25
Convert -1101 (base 3) to base 6.
-101
1 (base 7) to base 8
1
Convert -42 (base 13) to base 4.
-312
What is 132 (base 11) in base 3?
12210
What is -1 (base 16) in base 15?
-1
-2 (base 10) to base 5
-2
Convert -11 (base 4) to base 5.
-10
-10 (base 7) to base 4
-13
What is -1 (base 13) in base 9?
-1
What is c (base 14) in base 11?
11
Convert -4 (base 16) to base 3.
-11
Convert -5 (base 12) to base 4.
-11
Convert -2302 (base 4) to base 15.
-bd
-102 (base 6) to base 5
-123
What is 0 (base 6) in base 4?
0
4 (base 7) to base 9
4
What is -2b (base 15) in base 14?
-2d
What is 221 (base 5) in base 14?
45
What is 2 (base 15) in base 13?
2
Convert -100 (base 6) to base 2.
-100100
What is -2 (base 15) in base 12?
-2
c6 (base 13) to base 12
116
1 (base 3) to base 7
1
What is 37 (base 11) in base 3?
1111
-2 (base 16) to base 14
-2
-9 (base 13) to base 7
-12
Convert -15 (base 7) to base 8.
-14
Convert 0 (base 2) to base 15.
0
What is 0 (base 10) in base 16?
0
What is 1311 (base 4) in base 6?
313
What is -1202 (base 4) in base 6?
-242
Convert -2 (base 11) to base 5.
-2
-10102 (base 3) to base 11
-84
Convert -3 (base 9) to base 8.
-3
Convert -9 (base 16) to base 2.
-1001
33 (base 8) to base 13
21
Convert -2 (base 6) to base 11.
-2
14 (base 12) to base 15
11
Convert -16 (base 13) to base 4.
-103
What is 7 (base 15) in base 16?
7
Convert 9 (base 16) to base 15.
9
Convert 3 (base 5) to base 15.
3
Convert b (base 13) to base 14.
b
-135 (base 13) to base 12
-159
5b (base 12) to base 3
2122
What is 2 (base 16) in base 7?
2
-2 (base 4) to base 10
-2
Convert -3 (base 15) to base 16.
-3
-1 (base 11) to base 3
-1
What is 141 (base 8) in base 13?
76
What is 34 (base 7) in base 2?
11001
2 (base 12) to base 9
2
What is 48 (base 14) in base 11?
59
What is 13 (base 6) in base 11?
9
Convert -1010 (base 2) to base 14.
-a
-5 (base 13) to base 3
-12
Convert -10 (base 7) to base 15.
-7
4b (base 13) to base 16
3f
What is -35 (base 16) in base 8?
-65
What is -1a (base 16) in base 9?
-28
What is -6 (base 7) in base 9?
-6
Convert -1 (base 12) to base 14.
-1
Convert 1b (base 12) to base 7.
32
Convert -265 (base 9) to base 6.
-1005
Convert 22 (base 5) to base 3.
110
Convert 11 (base 12) to base 13.
10
Convert 8 (base 14) to base 5.
13
-125 (base 9) to base 3
-10212
1 (base 4) to base 8
1
1 (base 2) to base 13
1
Convert 0 (base 6) to base 16.
0
Convert 205 (base 7) to base 8.
147
7 (base 8) to base 9
7
30 (base 5) to base 2
1111
Convert 42 (base 8) to base 5.
114
-1 (base 12) to base 14
-1
Convert 132 (base 7) to base 8.
110
4 (base 8) to base 7
4
What is -322 (base 8) in base 